{"id":77,"date":"2013-11-05T09:51:09","date_gmt":"2013-11-05T08:51:09","guid":{"rendered":"http:\/\/www.kiskunmajsafc.hu\/?page_id=77"},"modified":"2017-01-06T12:17:24","modified_gmt":"2017-01-06T11:17:24","slug":"u7-es-csapat","status":"publish","type":"page","link":"https:\/\/www.kiskunmajsafc.hu\/?page_id=77","title":{"rendered":"U7-es csapat"},"content":{"rendered":"<table class=\" aligncenter\" border=\"0\" width=\"641\" cellspacing=\"0\" cellpadding=\"0\">\n<tbody>\n<tr>\n<td valign=\"bottom\" nowrap=\"nowrap\" width=\"75\"><\/td>\n<\/tr>\n<tr>\n<td valign=\"bottom\" nowrap=\"nowrap\" width=\"490\">Sipos Bence 2010.<\/p>\n<p>Senk\u00f3 Levente 2010.<\/p>\n<p>Farag\u00f3 D\u00e9nes 2010.<\/p>\n<p>Fer\u00f3 D\u00e1vid 2010.<\/p>\n<p>Horny\u00e1k Csan\u00e1d 2010.<\/p>\n<p>Egri M\u00e1rk 2010.<\/p>\n<p>Bors M\u00e1t\u00e9 2010.<\/p>\n<p>G\u00e1l P\u00e9ter 2010.<\/p>\n<p>&nbsp;<\/td>\n<\/tr>\n<\/tbody>\n<\/table>\n","protected":false},"excerpt":{"rendered":"<p>Sipos Bence 2010. Senk\u00f3 Levente 2010. Farag\u00f3 D\u00e9nes 2010. Fer\u00f3 D\u00e1vid 2010. Horny\u00e1k Csan\u00e1d 2010. Egri M\u00e1rk 2010. Bors M\u00e1t\u00e9 2010. G\u00e1l P\u00e9ter 2010. &nbsp;<\/p>\n","protected":false},"author":1,"featured_media":0,"parent":19,"menu_order":0,"comment_status":"open","ping_status":"open","template":"","meta":[],"_links":{"self":[{"href":"https:\/\/www.kiskunmajsafc.hu\/index.php?rest_route=\/wp\/v2\/pages\/77"}],"collection":[{"href":"https:\/\/www.kiskunmajsafc.hu\/index.php?rest_route=\/wp\/v2\/pages"}],"about":[{"href":"https:\/\/www.kiskunmajsafc.hu\/index.php?rest_route=\/wp\/v2\/types\/page"}],"author":[{"embeddable":true,"href":"https:\/\/www.kiskunmajsafc.hu\/index.php?rest_route=\/wp\/v2\/users\/1"}],"replies":[{"embeddable":true,"href":"https:\/\/www.kiskunmajsafc.hu\/index.php?rest_route=%2Fwp%2Fv2%2Fcomments&post=77"}],"version-history":[{"count":5,"href":"https:\/\/www.kiskunmajsafc.hu\/index.php?rest_route=\/wp\/v2\/pages\/77\/revisions"}],"predecessor-version":[{"id":312,"href":"https:\/\/www.kiskunmajsafc.hu\/index.php?rest_route=\/wp\/v2\/pages\/77\/revisions\/312"}],"up":[{"embeddable":true,"href":"https:\/\/www.kiskunmajsafc.hu\/index.php?rest_route=\/wp\/v2\/pages\/19"}],"wp:attachment":[{"href":"https:\/\/www.kiskunmajsafc.hu\/index.php?rest_route=%2Fwp%2Fv2%2Fmedia&parent=77"}],"curies":[{"name":"wp","href":"https:\/\/api.w.org\/{rel}","templated":true}]}}