{"id":55,"date":"2013-09-25T17:52:22","date_gmt":"2013-09-25T15:52:22","guid":{"rendered":"http:\/\/www.kiskunmajsafc.hu?page_id=55"},"modified":"2015-01-14T14:44:08","modified_gmt":"2015-01-14T13:44:08","slug":"galeria","status":"publish","type":"page","link":"https:\/\/www.kiskunmajsafc.hu\/?page_id=55","title":{"rendered":"Gal\u00e9ria"},"content":{"rendered":"<p><a href=\"http:\/\/www.kiskunmajsa.hu\/index.php?module=images&amp;action=img_gallery&amp;fid=6840\" target=\"_blank\">\u00c1llapotfelm\u00e9r\u00e9s<\/a><\/p>\n<p><a href=\"http:\/\/www.kiskunmajsa.hu\/index.php?module=images&amp;action=img_gallery&amp;fid=6841\" target=\"_blank\">Bajnoks\u00e1g<\/a><\/p>\n<p><a href=\"http:\/\/www.kiskunmajsa.hu\/index.php?module=images&amp;action=img_gallery&amp;fid=6842\" target=\"_blank\">Eg\u00e9szs\u00e9gnap<\/a><\/p>\n<p><a href=\"http:\/\/www.kiskunmajsa.hu\/index.php?module=images&amp;action=img_gallery&amp;fid=6843\" target=\"_blank\">Klubfoglalkoz\u00e1s<\/a><\/p>\n<p><a href=\"http:\/\/www.kiskunmajsa.hu\/index.php?module=images&amp;action=img_gallery&amp;fid=6844\" target=\"_blank\">Sportfoglalkoz\u00e1s<\/a><\/p>\n<p><a href=\"http:\/\/www.kiskunmajsa.hu\/index.php?module=images&amp;action=img_gallery&amp;fid=6845\" target=\"_blank\">T\u00e1bor<\/a><\/p>\n<p><a href=\"http:\/\/www.kiskunmajsa.hu\/index.php?module=images&amp;action=img_gallery&amp;fid=6846\" target=\"_blank\">Verseny<\/a><\/p>\n<p>&nbsp;<\/p>\n","protected":false},"excerpt":{"rendered":"<p>\u00c1llapotfelm\u00e9r\u00e9s Bajnoks\u00e1g Eg\u00e9szs\u00e9gnap Klubfoglalkoz\u00e1s Sportfoglalkoz\u00e1s T\u00e1bor Verseny &nbsp;<\/p>\n","protected":false},"author":1,"featured_media":161,"parent":219,"menu_order":1,"comment_status":"open","ping_status":"open","template":"","meta":[],"_links":{"self":[{"href":"https:\/\/www.kiskunmajsafc.hu\/index.php?rest_route=\/wp\/v2\/pages\/55"}],"collection":[{"href":"https:\/\/www.kiskunmajsafc.hu\/index.php?rest_route=\/wp\/v2\/pages"}],"about":[{"href":"https:\/\/www.kiskunmajsafc.hu\/index.php?rest_route=\/wp\/v2\/types\/page"}],"author":[{"embeddable":true,"href":"https:\/\/www.kiskunmajsafc.hu\/index.php?rest_route=\/wp\/v2\/users\/1"}],"replies":[{"embeddable":true,"href":"https:\/\/www.kiskunmajsafc.hu\/index.php?rest_route=%2Fwp%2Fv2%2Fcomments&post=55"}],"version-history":[{"count":13,"href":"https:\/\/www.kiskunmajsafc.hu\/index.php?rest_route=\/wp\/v2\/pages\/55\/revisions"}],"predecessor-version":[{"id":213,"href":"https:\/\/www.kiskunmajsafc.hu\/index.php?rest_route=\/wp\/v2\/pages\/55\/revisions\/213"}],"up":[{"embeddable":true,"href":"https:\/\/www.kiskunmajsafc.hu\/index.php?rest_route=\/wp\/v2\/pages\/219"}],"wp:featuredmedia":[{"embeddable":true,"href":"https:\/\/www.kiskunmajsafc.hu\/index.php?rest_route=\/wp\/v2\/media\/161"}],"wp:attachment":[{"href":"https:\/\/www.kiskunmajsafc.hu\/index.php?rest_route=%2Fwp%2Fv2%2Fmedia&parent=55"}],"curies":[{"name":"wp","href":"https:\/\/api.w.org\/{rel}","templated":true}]}}