{"id":223,"date":"2015-01-14T10:57:28","date_gmt":"2015-01-14T09:57:28","guid":{"rendered":"http:\/\/www.kiskunmajsafc.hu\/?page_id=223"},"modified":"2015-01-14T14:50:13","modified_gmt":"2015-01-14T13:50:13","slug":"bajnoksag","status":"publish","type":"page","link":"https:\/\/www.kiskunmajsafc.hu\/?page_id=223","title":{"rendered":"Bajnoks\u00e1g"},"content":{"rendered":"<p><a href=\"http:\/\/www.kiskunmajsafc.hu\/wp-content\/uploads\/2015\/01\/M\u00e9rk\u0151z\u00e9s-jegyz\u0151k\u00f6nyvek-2.pdf\" target=\"_blank\">M\u00e9rk\u0151z\u00e9s jegyz\u0151k\u00f6nyvek<\/a><\/p>\n","protected":false},"excerpt":{"rendered":"<p>M\u00e9rk\u0151z\u00e9s jegyz\u0151k\u00f6nyvek<\/p>\n","protected":false},"author":1,"featured_media":0,"parent":219,"menu_order":4,"comment_status":"open","ping_status":"open","template":"","meta":[],"_links":{"self":[{"href":"https:\/\/www.kiskunmajsafc.hu\/index.php?rest_route=\/wp\/v2\/pages\/223"}],"collection":[{"href":"https:\/\/www.kiskunmajsafc.hu\/index.php?rest_route=\/wp\/v2\/pages"}],"about":[{"href":"https:\/\/www.kiskunmajsafc.hu\/index.php?rest_route=\/wp\/v2\/types\/page"}],"author":[{"embeddable":true,"href":"https:\/\/www.kiskunmajsafc.hu\/index.php?rest_route=\/wp\/v2\/users\/1"}],"replies":[{"embeddable":true,"href":"https:\/\/www.kiskunmajsafc.hu\/index.php?rest_route=%2Fwp%2Fv2%2Fcomments&post=223"}],"version-history":[{"count":3,"href":"https:\/\/www.kiskunmajsafc.hu\/index.php?rest_route=\/wp\/v2\/pages\/223\/revisions"}],"predecessor-version":[{"id":227,"href":"https:\/\/www.kiskunmajsafc.hu\/index.php?rest_route=\/wp\/v2\/pages\/223\/revisions\/227"}],"up":[{"embeddable":true,"href":"https:\/\/www.kiskunmajsafc.hu\/index.php?rest_route=\/wp\/v2\/pages\/219"}],"wp:attachment":[{"href":"https:\/\/www.kiskunmajsafc.hu\/index.php?rest_route=%2Fwp%2Fv2%2Fmedia&parent=223"}],"curies":[{"name":"wp","href":"https:\/\/api.w.org\/{rel}","templated":true}]}}