{"id":18,"date":"2013-09-24T12:35:35","date_gmt":"2013-09-24T10:35:35","guid":{"rendered":"http:\/\/www.kiskunmajsafc.hu?page_id=18"},"modified":"2017-01-24T08:48:33","modified_gmt":"2017-01-24T07:48:33","slug":"hirek","status":"publish","type":"page","link":"https:\/\/www.kiskunmajsafc.hu\/?page_id=18","title":{"rendered":"H\u00edrek"},"content":{"rendered":"<p>A Csapat tervezett felk\u00e9sz\u00fcl\u00e9si m\u00e9rk\u0151z\u00e9sei:<\/p>\n<p>Janu\u00e1r 27. 18.30<\/p>\n<p>KFC &#8211; Cs\u00f3lyosp\u00e1los<\/p>\n<p>Janu\u00e1r 29. 10.30<\/p>\n<p>KFC &#8211; Kunsz\u00e1ll\u00e1s<\/p>\n<p>Febru\u00e1r 3. 18.30<\/p>\n<p>KFC &#8211; J\u00e1noshalma<\/p>\n<p>Febru\u00e1r 5. 13.30<\/p>\n<p>KFC &#8211; J\u00e1szszentl\u00e1szl\u00f3<\/p>\n<p>Febru\u00e1r 10. 18.30<\/p>\n<p>KFC &#8211; KHTK II<\/p>\n<p>Febru\u00e1r 12., kezd\u00e9si id\u0151pont m\u00e9g nincs<\/p>\n<p>KFC &#8211; Kunsz\u00e1ll\u00e1s<\/p>\n<p>Febru\u00e1r 17. 18.30<\/p>\n<p>KFC &#8211; J\u00e1noshalma<\/p>\n<p>Febru\u00e1r 19.\u00a0kezd\u00e9si id\u0151pont m\u00e9g nincs<\/p>\n<p>KFC &#8211; Cs\u00f3lyosp\u00e1los<\/p>\n","protected":false},"excerpt":{"rendered":"<p>A Csapat tervezett felk\u00e9sz\u00fcl\u00e9si m\u00e9rk\u0151z\u00e9sei: Janu\u00e1r 27. 18.30 KFC &#8211; Cs\u00f3lyosp\u00e1los Janu\u00e1r 29. 10.30 KFC &#8211; Kunsz\u00e1ll\u00e1s Febru\u00e1r 3. 18.30 KFC &#8211; J\u00e1noshalma Febru\u00e1r 5. 13.30 KFC &#8211; J\u00e1szszentl\u00e1szl\u00f3 Febru\u00e1r 10. 18.30 KFC &#8211; KHTK II Febru\u00e1r 12., kezd\u00e9si id\u0151pont m\u00e9g nincs KFC &#8211; Kunsz\u00e1ll\u00e1s Febru\u00e1r 17. 18.30 KFC &#8211; J\u00e1noshalma Febru\u00e1r 19.\u00a0kezd\u00e9si id\u0151pont m\u00e9g [&hellip;]<\/p>\n","protected":false},"author":1,"featured_media":0,"parent":0,"menu_order":0,"comment_status":"open","ping_status":"open","template":"","meta":[],"_links":{"self":[{"href":"https:\/\/www.kiskunmajsafc.hu\/index.php?rest_route=\/wp\/v2\/pages\/18"}],"collection":[{"href":"https:\/\/www.kiskunmajsafc.hu\/index.php?rest_route=\/wp\/v2\/pages"}],"about":[{"href":"https:\/\/www.kiskunmajsafc.hu\/index.php?rest_route=\/wp\/v2\/types\/page"}],"author":[{"embeddable":true,"href":"https:\/\/www.kiskunmajsafc.hu\/index.php?rest_route=\/wp\/v2\/users\/1"}],"replies":[{"embeddable":true,"href":"https:\/\/www.kiskunmajsafc.hu\/index.php?rest_route=%2Fwp%2Fv2%2Fcomments&post=18"}],"version-history":[{"count":1,"href":"https:\/\/www.kiskunmajsafc.hu\/index.php?rest_route=\/wp\/v2\/pages\/18\/revisions"}],"predecessor-version":[{"id":349,"href":"https:\/\/www.kiskunmajsafc.hu\/index.php?rest_route=\/wp\/v2\/pages\/18\/revisions\/349"}],"wp:attachment":[{"href":"https:\/\/www.kiskunmajsafc.hu\/index.php?rest_route=%2Fwp%2Fv2%2Fmedia&parent=18"}],"curies":[{"name":"wp","href":"https:\/\/api.w.org\/{rel}","templated":true}]}}